culate i(14).
-13
Let d(v) = -v**3 - 2685154*v + 12*v**3 + 4*v**2 + 6 + 2685163*v. Give d(-1).
-10
Let z(o) be the third derivative of o**5/15 + 71*o**4/24 - 5*o**3/3 - 1676*o**2 - 1. Determine z(-18).
8
Let d(k) = 7*k - 21*k + 6*k + 0*k + 86 - 2*k. Determine d(11).
-24
Let g(o) = o**3 + 12*o**2 + 7. Let k be g(-12). Suppose 2*n + 5 = k. Let f(m) = -7*m**2 + 9 + 1 - 75*m + 76*m - 11. What is f(n)?
-7
Let a(i) = -15*i + 50. Let y be a(3). Suppose 0 = -3*x - 3, 5*m + y*x - 54 = -89. Let b(d) = -2*d - 3. What is b(m)?
9
Let t(s) be the second derivative of -s**5/60 - 7*s**4/24 + s**3/2 - 86*s**2 - 85*s + 2. Let o(l) be the first derivative of t(l). Determine o(-6).
9
Let b(g) = -g**2 - 20*g - 61. Let a be b(-14). Suppose 0 = 4*t - 3 + a. Let z(v) = -v**2 + 4*v + 7. Give z(t).
-38
Let u(n) = -6*n. Let g(t) = 54*t - 2484. Let w be g(46). What is u(w)?
0
Let c(p) = p**2 - 5*p - 2. Suppose 16*l - 29 = 3. Suppose 0 = -2*o + y + 5, -o + 2*y = l*o - 5. Calculate c(o).
-2
Let n(x) = 4*x**3 + x**2 + 3*x + 3. Suppose 2*i - 18 = -0*i. Suppose 11 = -i*z + 2. Give n(z).
-3
Let c be (1701/(-210))/27*(-10)/36. Let x(s) be the second derivative of 0 - c*s**4 - 3/2*s**2 + 29*s + s**3. Determine x(6).
-3
Let o = -34 - -37. Suppose -n + 73 = 3*i, 0*n + n + 71 = o*i. Suppose 22*g + 12 = i*g. Let d(q) = -q**3 + 7*q**2 - 7*q + 3. Calculate d(g).
-3
Let s(o) = 4*o. Let y(c) = 1. Let l(r) = -r**2 - 7*r - 10. Let x(h) = l(h) + 2*y(h). Let q be x(-4). Give s(q).
16
Suppose 2*j + n = -8 - 16, 0 = -4*j - n - 50. Let y(d) = d**2 + 17*d - 19. What is y(j)?
-71
Let t(z) = 7*z**2 + 14*z - 7. Let p(b) = 4*b**2 + 8*b - 4. Let u(l) = 5*p(l) - 3*t(l). Let d = -9 + 4. Let n = d - -7. Give u(n).
-7
Let g = -179/1950 + 84/325. Let j(l) be the second derivative of -14*l + 0*l**3 + 0 - g*l**4 + 1/2*l**2. Give j(2).
-7
Suppose 5*w = -16 + 51. Suppose -w*r - 30 = -r. Let s(t) be the third derivative of -t**5/60 - 7*t**4/24 - t**3/2 - 10*t**2. Determine s(r).
7
Let p(x) = 18*x - 1. Let r(b) = 3*b**3 - 13*b**2 - 10*b - 1. Let h be r(8). Suppose 5*n - h = -2*n. Let l = 88 - n. What is p(l)?
-19
Let t(p) = -p**3 + 5*p**2 + p. Let d(m) = m**3 - 25*m**2 - 25*m - 20. Let g be d(26). Determine t(g).
-30
Let f(s) = s**3 + 22*s**2 + 21*s + 8. Let c be f(-21). Let t(q) = 14*q - q - c*q + 2 - 8*q. Give t(3).
-7
Let b be ((-12)/(-12)*2/4)/(13/78). Let l(z) be the first derivative of -10*z + 33 - 1/2*z**2 - 7/3*z**b - 1/4*z**4. What is l(-7)?
-3
Let j(y) = y + 10. Let q(s) = -10*s**3 - 13*s - 7*s**2 - 12 + 4*s**3 + 5*s**3. Let o be q(-4). Determine j(o).
2
Suppose 55 = 8*u - 369. Let f = -13 + u. Let b = f + -47. Let d(m) = m**2 + 7*m + 7. What is d(b)?
7
Let s(c) = -12*c**3 + 15*c**2 - 1469*c + 47. Let y(d) = -17*d**3 + 21*d**2 - 2074*d + 66. Let n(z) = 24*s(z) - 17*y(z). Let m = 6 - 10. What is n(m)?
-18
Let g(z) = -937*z**2 - 898*z**2 + 1836*z**2 + 24 - 7*z. Determine g(11).
68
Let v be 434/93 - ((-2)/(-3) + 0). Let g be (-14)/(-6) - -4*v/24. Suppose 3*z = -g*f - 9, 2*z = -2*f + 5*f - 1. Let t(a) = a**3 + 2*a**2 - 1. What is t(z)?
-1
Suppose 0 = 54*v - 59*v + 70. Suppose -16 + v = 2*t. Let p(h) = 31*h - 1. Give p(t).
-32
Let q(g) = 4*g + 16. Let y be 8352/841 + 8/116. Determine q(y).
56
Let w(r) = -56*r - 774. Let b be w(-14). Let l(x) be the third derivative of 1/8*x**4 - b*x**2 + 1/60*x**5 + 0*x + 1/6*x**3 + 0. Determine l(-1).
-1
Let y(u) = u**3 + 27*u**2 - 21 + 10 - 20*u - 74*u**2 + 10*u**2 + 17*u**2. Calculate y(21).
10
Let t(w) = -w**2 - 8*w - 7. Let y(g) = g**3 - 2*g**2 - g - 7. Let i be y(4). Suppose 7*u - i*u + 462 = 0. Suppose 0 = 5*s - 3 + u. Give t(s).
5
Let g(r) be the second derivative of -r**7/840 - r**6/72 - r**5/120 - r**4/4 + 19*r**3/2 - 60*r. Let o(w) be the second derivative of g(w). Calculate o(-5).
-1
Let i be (0 + 9/(-12))*(-5 - -29). Let p be -11*2*i/66. Let t(v) = -v - 1. Let d(f) = -6*f - 10. Let a(j) = -d(j) + 10*t(j). Determine a(p).
-24
Suppose -280 = 50834*o - 50806*o. Let p(g) = g**3 + 9*g**2 + 9*g + 30. Give p(o).
-160
Let j(k) = 4*k**3 + 37*k**2 + 21*k - 38. Let v(b) = -6*b**3 - 56*b**2 - 31*b + 58. Let l(q) = -7*j(q) - 5*v(q). Give l(-10).
-4
Let o(s) = -2*s**3 - 29*s**2 + 13*s - 34. Let y = -2596 + 2581. Give o(y).
-4
Let c = 5 + 4. Let o(p) be the third derivative of p**4/12 - 3*p**3 - 2*p**2 - 74. Determine o(c).
0
Let m(o) = 19*o + 18444*o**3 - 21 + 39*o**2 - 18445*o**3 - 27*o**2. Determine m(13).
57
Suppose -16*l = -15*l - 4. Suppose -u + 2*f = -5, l*f + f = -4*u - 45. Let z(j) = -j**3 - 6*j**2 - 4*j - 1. Give z(u).
-6
Let l be (24/(-2))/(-3) + (-1624)/(-58). Let k(q) = -q**3 + 38*q**2 - 193*q + 27. Calculate k(l).
-5
Let w(t) = -3*t + 19 + 8*t + 4*t + 2*t. Let b(i) = 2*i + 3*i + 9 - i + i. Let c(g) = 13*b(g) - 6*w(g). Give c(3).
0
Let p(i) = -3*i + 2. Let t(b) = b**3 - 8*b**2 + 12*b + 2. Let w be 72/(-84)*(-14)/2. Let j be t(w). Determine p(j).
-4
Let m(r) = 21*r + 18. Let s(j) = 7*j + 7. Let v(y) = -3*m(y) + 8*s(y). Let u = 6 + -17. Let w = 8 + u. Determine v(w).
23
Let y(f) = 2 - 3*f + 3*f**2 - 1 + 1 - 3*f - 2*f**2. Suppose -8*a = -47 + 15. Calculate y(a).
-6
Let v(o) = -o**2 + 10*o - 22. Let f(k) = 3*k**2 + 25*k - 20. Let d be f(-7). Let m be (51/(-34))/(9/d). Give v(m).
-6
Let v(j) = j**2 + 3*j + 13. Let r be v(0). Suppose 2 = r*h - 11*h. Let b(t) = 2 + h - 6 + 5*t**2 + 4. What is b(1)?
6
Let p = -5334 + 5315. Let g(w) = w**3 + 18*w**2 - 16*w + 46. Give g(p).
-11
Let l(o) = -32*o**2 + 226*o - 8. Let h(w) = w**3 - 66*w**2 + 391*w + 1305. Let p be h(59). What is l(p)?
6
Suppose -75 = -4*t - 91, -5*b - 5*t - 10 = 0. Let z(x) be the second derivative of -x**b - 1/6*x**3 + 25*x + 0. Determine z(-2).
0
Let b(t) be the second derivative of -t**5/20 - 5*t**4/12 - 2*t**3/3 - t**2 - 6*t. Suppose -7*v - 40 = 13*v. Give b(v).
-6
Let v(u) = 47*u**2 - 19*u - 41. Let r(d) = 75*d**2 - 29*d - 61. Let s(o) = 5*r(o) - 8*v(o). Give s(9).
5
Let q(k) be the first derivative of -5*k**2/2 - 7*k - 26. Let a be q(-2). Let p(l) = -l + 0*l**a + 16*l**3 + 9*l**3 - 11*l**3. Determine p(1).
13
Suppose 0 = -3*d - 2*d + 5. Let l = 3 + d. Suppose -l*n - 4*r + 24 = 8, -20 = -5*n - 3*r. Let t(j) = -j**3 + 4*j**2 + j - 4. Calculate t(n).
0
Let y(v) = v**2 - 2*v + 4. Let u(n) = 2*n**2 + 6. Let g be 7*1*4/(-14). Let x(d) = g*u(d) + 3*y(d). Determine x(-5).
5
Suppose 3*k = 8 - 2. Suppose -9*o + 6*o = -220143. Let j(u) = -2*u + 73381 - o + 3*u**2. Give j(k).
8
Suppose 16 = -2*p + 4*i, i - 19 = 3*p - 5. Suppose 0 = -8*h - 13 + 29. Let t(d) = d**3 - 6 - 6*d + 2*d**h + 6 - 4 + d**2. Determine t(p).
4
Let y(r) = -r**3 - 6 + 27 - 14*r - 12 + 12*r**2 + 21. Let j be y(11). Let k(p) = -p**2 + 3. Determine k(j).
-6
Let x be -1 + 7/(-77) + (-10)/11. Let k(h) = -h**3 - 3*h**2 + 3*h + 5. Give k(x).
-5
Let y(i) be the third derivative of -i**4/3 + 25*i**3/6 - 17*i**2 + 56*i. Calculate y(15).
-95
Suppose -27*f = 77*f - 52 + 676. Let h(p) = -12*p - 14. What is h(f)?
58
Let u = 964 - 958. Let y(t) = -t**2 - 4 + 4*t + 6 + 5. Calculate y(u).
-5
Let j(s) be the third derivative of -s**4/24 + 5*s**3 + 2*s**2 - s - 482. Calculate j(9).
21
Let l(y) = -2*y + 9. Let x(k) = 3*k. Let b(n) = -24*n + 25. Let d(i) = b(i) + 6*x(i). Let h(o) = -3*d(o) + 8*l(o). Determine h(-6).
-15
Let z be (210/(-26) - -5) + (-2)/(-26). Let i(x) = 2*x**2 - 3*x - 1. Give i(z).
26
Let n(d) = -d**2 + d + 2. Let v(o) = -2*o - 50. Let r be v(-25). Let z(k) = -k**3 + 6*k - 2. Let c be z(r). Determine n(c).
-4
Let w(q) = 26*q - 805. Let c be w(31). Let h(o) = -3*o**2 - 3*o - 6. Let d(u) = -4*u**2 - 2*u - 5. Let v(t) = -5*d(t) + 4*h(t). Calculate v(c).
7
Let h be 99/36 - -1*(-3)/(-12). Suppose -22 = h*i + 5*c, -3*i + 12*c - 26 = 13*c. Let o(t) = t**3 + 8*t**2 - 9*t - 1. Determine o(i).
-1
Let g(z) = z**2 + 7*z + 10. Let d be g(-7). Let q(b) = -38*b - 3 + 19*b + 15*b - b**2 + d*b. Determine q(6).
-3
Let q(v) = 3*v + 50. Let y be q(-14). Suppose y = -10*r + 11*r. Let p(u) = -r + 7 - 15*u + 13*u + 5. Calculate p(-3).
10
Suppose 4*g = 4, -12*g - 22 = -j - 15*g. Let c be 78/(-7) - j/(-133). Let f(h) = 2*h + 15. Calculate f(c).
-7
Let g(x) be the first derivative of -x**5/60 - x**4/24 + 7*x**3/2 - 223*x**2/2 - 32. Let s(q) be the second derivative of g(q). Calculate s(0).
21
Let g(q) be the third derivative of q**7/2520 - q**6/144 - q**5/12 + q**4/2 +